{"id":1891,"date":"2022-06-16T14:19:28","date_gmt":"2022-06-16T13:19:28","guid":{"rendered":"https:\/\/www.cyclaigoual-vtt-route.com\/?page_id=1891"},"modified":"2023-07-10T08:04:29","modified_gmt":"2023-07-10T07:04:29","slug":"championnat-de-france-vttae","status":"publish","type":"page","link":"https:\/\/www.cyclaigoual-vtt-route.com\/index.php\/championnat-de-france-vttae\/","title":{"rendered":"Championnat de France VTT Marathon"},"content":{"rendered":"\n<p><strong><span style=\"color: #ff0000;\">Nous passons sur des portions priv\u00e9s sur lesquelles nous n&rsquo;avons l&rsquo;autorisation de passer que le jour de la course et des reconnaissances. Nous ne pouvons donc pas vous donner les traces des parcours. Merci pour votre compr\u00e9hension<\/span><\/strong><\/p>\n\n\n\n<h2 class=\"wp-block-heading\">R\u00e9sultats<\/h2>\n\n\n\n<p><a href=\"https:\/\/www.cyclaigoual-vtt-route.com\/wp-content\/uploads\/ChFr_Aigoual-Classement-Scratch-81km.pdf\" target=\"_blank\" rel=\"noreferrer noopener\">R\u00e9sultats Marathon XC Hommes 81 km<\/a><\/p>\n\n\n\n<p><a href=\"https:\/\/www.cyclaigoual-vtt-route.com\/wp-content\/uploads\/ChFr_Aigoual-Classement-Scratch-62km.pdf\" target=\"_blank\" rel=\"noreferrer noopener\">R\u00e9sultats Marathon XC Dames 63 km<\/a><\/p>\n\n\n\n<h2 class=\"wp-block-heading\">Parcours Championnats de France Marathon XC Hommes + profil<\/h2>\n\n\n\n<figure class=\"wp-block-image size-large\"><img loading=\"lazy\" decoding=\"async\" width=\"1024\" height=\"489\" src=\"https:\/\/www.cyclaigoual-vtt-route.com\/wp-content\/uploads\/VTT-CARO-2023-CdF-Marathon-Hommes-80-km-1024x489.jpg\" alt=\"\" class=\"wp-image-2100\" srcset=\"https:\/\/www.cyclaigoual-vtt-route.com\/wp-content\/uploads\/VTT-CARO-2023-CdF-Marathon-Hommes-80-km-1024x489.jpg 1024w, https:\/\/www.cyclaigoual-vtt-route.com\/wp-content\/uploads\/VTT-CARO-2023-CdF-Marathon-Hommes-80-km-300x143.jpg 300w, https:\/\/www.cyclaigoual-vtt-route.com\/wp-content\/uploads\/VTT-CARO-2023-CdF-Marathon-Hommes-80-km-768x367.jpg 768w, https:\/\/www.cyclaigoual-vtt-route.com\/wp-content\/uploads\/VTT-CARO-2023-CdF-Marathon-Hommes-80-km.jpg 1168w\" sizes=\"auto, (max-width: 1024px) 100vw, 1024px\" \/><\/figure>\n\n\n\n<figure class=\"wp-block-image size-large\"><img loading=\"lazy\" decoding=\"async\" width=\"1024\" height=\"273\" src=\"https:\/\/www.cyclaigoual-vtt-route.com\/wp-content\/uploads\/2023-def-80KM-CHAMP-FRA-MARATHON-HOMME-1024x273.jpeg\" alt=\"\" class=\"wp-image-2105\" srcset=\"https:\/\/www.cyclaigoual-vtt-route.com\/wp-content\/uploads\/2023-def-80KM-CHAMP-FRA-MARATHON-HOMME-1024x273.jpeg 1024w, https:\/\/www.cyclaigoual-vtt-route.com\/wp-content\/uploads\/2023-def-80KM-CHAMP-FRA-MARATHON-HOMME-300x80.jpeg 300w, https:\/\/www.cyclaigoual-vtt-route.com\/wp-content\/uploads\/2023-def-80KM-CHAMP-FRA-MARATHON-HOMME-768x205.jpeg 768w, https:\/\/www.cyclaigoual-vtt-route.com\/wp-content\/uploads\/2023-def-80KM-CHAMP-FRA-MARATHON-HOMME-1536x410.jpeg 1536w, https:\/\/www.cyclaigoual-vtt-route.com\/wp-content\/uploads\/2023-def-80KM-CHAMP-FRA-MARATHON-HOMME-2048x546.jpeg 2048w\" sizes=\"auto, (max-width: 1024px) 100vw, 1024px\" \/><\/figure>\n\n\n\n<h2 class=\"wp-block-heading\">Parcours Championnats de France Marathon XC Dames + profil<\/h2>\n\n\n\n<figure class=\"wp-block-image size-large\"><img loading=\"lazy\" decoding=\"async\" width=\"1024\" height=\"368\" src=\"https:\/\/www.cyclaigoual-vtt-route.com\/wp-content\/uploads\/VTT-CARO-2023-CdF-Marathon-Dames-59-km-1024x368.jpg\" alt=\"\" class=\"wp-image-2102\" srcset=\"https:\/\/www.cyclaigoual-vtt-route.com\/wp-content\/uploads\/VTT-CARO-2023-CdF-Marathon-Dames-59-km-1024x368.jpg 1024w, https:\/\/www.cyclaigoual-vtt-route.com\/wp-content\/uploads\/VTT-CARO-2023-CdF-Marathon-Dames-59-km-300x108.jpg 300w, https:\/\/www.cyclaigoual-vtt-route.com\/wp-content\/uploads\/VTT-CARO-2023-CdF-Marathon-Dames-59-km-768x276.jpg 768w, https:\/\/www.cyclaigoual-vtt-route.com\/wp-content\/uploads\/VTT-CARO-2023-CdF-Marathon-Dames-59-km.jpg 1455w\" sizes=\"auto, (max-width: 1024px) 100vw, 1024px\" \/><\/figure>\n\n\n\n<figure class=\"wp-block-image size-large\"><img loading=\"lazy\" decoding=\"async\" width=\"1024\" height=\"273\" src=\"https:\/\/www.cyclaigoual-vtt-route.com\/wp-content\/uploads\/2023-def-60KM-Champ-de-France-Marathon-Dames-1-1024x273.jpeg\" alt=\"\" class=\"wp-image-2104\" srcset=\"https:\/\/www.cyclaigoual-vtt-route.com\/wp-content\/uploads\/2023-def-60KM-Champ-de-France-Marathon-Dames-1-1024x273.jpeg 1024w, https:\/\/www.cyclaigoual-vtt-route.com\/wp-content\/uploads\/2023-def-60KM-Champ-de-France-Marathon-Dames-1-300x80.jpeg 300w, https:\/\/www.cyclaigoual-vtt-route.com\/wp-content\/uploads\/2023-def-60KM-Champ-de-France-Marathon-Dames-1-768x205.jpeg 768w, https:\/\/www.cyclaigoual-vtt-route.com\/wp-content\/uploads\/2023-def-60KM-Champ-de-France-Marathon-Dames-1-1536x410.jpeg 1536w, https:\/\/www.cyclaigoual-vtt-route.com\/wp-content\/uploads\/2023-def-60KM-Champ-de-France-Marathon-Dames-1-2048x546.jpeg 2048w\" sizes=\"auto, (max-width: 1024px) 100vw, 1024px\" \/><\/figure>\n","protected":false},"excerpt":{"rendered":"<p>Nous passons sur des portions priv\u00e9s sur lesquelles nous n&rsquo;avons l&rsquo;autorisation de passer que le jour de la course et des reconnaissances. Nous ne pouvons donc pas vous donner les traces des parcours. Merci pour votre compr\u00e9hension R\u00e9sultats R\u00e9sultats Marathon<\/p>\n","protected":false},"author":2,"featured_media":0,"parent":0,"menu_order":0,"comment_status":"closed","ping_status":"closed","template":"","meta":{"footnotes":""},"class_list":["post-1891","page","type-page","status-publish","hentry"],"_links":{"self":[{"href":"https:\/\/www.cyclaigoual-vtt-route.com\/index.php\/wp-json\/wp\/v2\/pages\/1891","targetHints":{"allow":["GET"]}}],"collection":[{"href":"https:\/\/www.cyclaigoual-vtt-route.com\/index.php\/wp-json\/wp\/v2\/pages"}],"about":[{"href":"https:\/\/www.cyclaigoual-vtt-route.com\/index.php\/wp-json\/wp\/v2\/types\/page"}],"author":[{"embeddable":true,"href":"https:\/\/www.cyclaigoual-vtt-route.com\/index.php\/wp-json\/wp\/v2\/users\/2"}],"replies":[{"embeddable":true,"href":"https:\/\/www.cyclaigoual-vtt-route.com\/index.php\/wp-json\/wp\/v2\/comments?post=1891"}],"version-history":[{"count":13,"href":"https:\/\/www.cyclaigoual-vtt-route.com\/index.php\/wp-json\/wp\/v2\/pages\/1891\/revisions"}],"predecessor-version":[{"id":2177,"href":"https:\/\/www.cyclaigoual-vtt-route.com\/index.php\/wp-json\/wp\/v2\/pages\/1891\/revisions\/2177"}],"wp:attachment":[{"href":"https:\/\/www.cyclaigoual-vtt-route.com\/index.php\/wp-json\/wp\/v2\/media?parent=1891"}],"curies":[{"name":"wp","href":"https:\/\/api.w.org\/{rel}","templated":true}]}}