{"id":2312,"date":"2024-11-25T09:30:13","date_gmt":"2024-11-25T08:30:13","guid":{"rendered":"https:\/\/www.cyclaigoual-vtt-route.com\/?page_id=2312"},"modified":"2024-11-25T09:30:14","modified_gmt":"2024-11-25T08:30:14","slug":"36eme-gem-bikaigoual-region-occitanie-2024","status":"publish","type":"page","link":"https:\/\/www.cyclaigoual-vtt-route.com\/index.php\/36eme-gem-bikaigoual-region-occitanie-2024\/","title":{"rendered":"36\u00e8me Gem-Bik\u2019Aigoual R\u00e9gion Occitanie 2024"},"content":{"rendered":"\n<p><strong>La GemBik\u2019Aigoual R\u00e9gion Occitanie Route Samedi 29 juin 2024<\/strong><\/p>\n\n\n\n<p>Pour cette 25\u00e8me \u00e9dition au d\u00e9part de L\u2019Esp\u00e9rou nous vous proposons 2 parcours, le&nbsp;Qu\u00e9zac de 106 km&nbsp; et 1500+&nbsp;et le&nbsp;F\u00e9nioux de 133 km et 1850+<\/p>\n\n\n\n<p>Pour la premi\u00e8re fois les coureurs du parcours long traverseront le magnifique cirque de Navacelles, apr\u00e8s \u00eatre entr\u00e9 dans l\u2019H\u00e9rault, puis passeront dans l\u2019Aveyron avant de rentrer \u00e0 l\u2019Esp\u00e9rou par la vall\u00e9e de la Dourbie. Les coureurs du parcours Qu\u00e9zac eux bifurqueront sur le Causse au niveau de Blandas pour rejoindre l\u2019Aveyron et la vall\u00e9e de la&nbsp; Dourbie.<\/p>\n\n\n\n<p>Le m\u00eame jour, et pour la premi\u00e8re fois, une mini enduro sera organis\u00e9e avec 2 sp\u00e9ciales \u2013 ouverte \u00e0 partir de la cat\u00e9gorie U11 et aux VTTAE<\/p>\n\n\n\n<p>&nbsp;<strong>Il n\u2019y aura pas de repas chaud. Une buvette\/snack sera mise en place.<\/strong><\/p>\n\n\n\n<p><strong>La GemBik\u2019Aigoual R\u00e9gion Occitanie VTT dimanche 30 juin 2024 \u2013 Coupe r\u00e9gionale<\/strong><\/p>\n\n\n\n<p>Au d\u00e9part de l\u2019Esp\u00e9rou&nbsp; il y aura des comp\u00e9titions XC pour tous, \u00e0 partir de 5 ans et plusieurs randonn\u00e9es seront balis\u00e9es (20, et 30 km).<\/p>\n\n\n\n<p>Les plus costauds pourront participer au&nbsp;CHALLENGE CYCLAIGOUAL REGION OCCITANIE&nbsp;qui combinera l\u2019\u00e9preuve de v\u00e9lo route du samedi avec l\u2019\u00e9preuve de VTT XC du dimanche.<\/p>\n\n\n\n<p><strong>\u00a0Il n\u2019y aura pas de repas chaud. Une buvette\/snack sera mise en place.<\/strong><\/p>\n\n\n\n<figure class=\"wp-block-image\"><a href=\"https:\/\/www.cyclaigoual-vtt-route.com\/wp-content\/uploads\/Brochure-2024.pdf?id=3\" target=\"_blank\" rel=\"noreferrer noopener\"><img loading=\"lazy\" decoding=\"async\" width=\"216\" height=\"300\" src=\"https:\/\/www.cyclaigoual-vtt-route.com\/wp-content\/uploads\/A5-GBARO-2024-216x300.png\" alt=\"\" class=\"wp-image-2245\" srcset=\"https:\/\/www.cyclaigoual-vtt-route.com\/wp-content\/uploads\/A5-GBARO-2024-216x300.png 216w, https:\/\/www.cyclaigoual-vtt-route.com\/wp-content\/uploads\/A5-GBARO-2024.png 629w\" sizes=\"auto, (max-width: 216px) 100vw, 216px\" \/><\/a><\/figure>\n\n\n\n<p>T\u00e9l\u00e9charger la brochure<\/p>\n\n\n\n<h1 class=\"wp-block-heading\">Parcours<\/h1>\n\n\n\n<h2 class=\"wp-block-heading\">25\u00e8me Gem Bik\u2019Aigoual R\u00e9gion Occitanie Route le 29 Juin 2024<\/h2>\n\n\n\n<p>Fenioux 133 km \u2013 2500 d+<\/p>\n\n\n\n<figure class=\"wp-block-image\"><img loading=\"lazy\" decoding=\"async\" width=\"672\" height=\"745\" src=\"https:\/\/www.cyclaigoual-vtt-route.com\/wp-content\/uploads\/Fenioux-avec-pictos-1.png\" alt=\"\" class=\"wp-image-2214\" srcset=\"https:\/\/www.cyclaigoual-vtt-route.com\/wp-content\/uploads\/Fenioux-avec-pictos-1.png 672w, https:\/\/www.cyclaigoual-vtt-route.com\/wp-content\/uploads\/Fenioux-avec-pictos-1-271x300.png 271w\" sizes=\"auto, (max-width: 672px) 100vw, 672px\" \/><\/figure>\n\n\n\n<figure class=\"wp-block-image\"><img loading=\"lazy\" decoding=\"async\" width=\"1024\" height=\"378\" src=\"https:\/\/www.cyclaigoual-vtt-route.com\/wp-content\/uploads\/Profil-Fenioux-133-km-1-1024x378.png\" alt=\"\" class=\"wp-image-2224\" srcset=\"https:\/\/www.cyclaigoual-vtt-route.com\/wp-content\/uploads\/Profil-Fenioux-133-km-1-1024x378.png 1024w, https:\/\/www.cyclaigoual-vtt-route.com\/wp-content\/uploads\/Profil-Fenioux-133-km-1-300x111.png 300w, https:\/\/www.cyclaigoual-vtt-route.com\/wp-content\/uploads\/Profil-Fenioux-133-km-1-768x283.png 768w, https:\/\/www.cyclaigoual-vtt-route.com\/wp-content\/uploads\/Profil-Fenioux-133-km-1.png 1481w\" sizes=\"auto, (max-width: 1024px) 100vw, 1024px\" \/><\/figure>\n\n\n\n<h2 class=\"wp-block-heading\">Qu\u00e9zac \u2013 106 km \u2013 1850d+<\/h2>\n\n\n\n<figure class=\"wp-block-image\"><img loading=\"lazy\" decoding=\"async\" width=\"500\" height=\"462\" src=\"https:\/\/www.cyclaigoual-vtt-route.com\/wp-content\/uploads\/Quezac-avec-pictos-1.png\" alt=\"\" class=\"wp-image-2216\" srcset=\"https:\/\/www.cyclaigoual-vtt-route.com\/wp-content\/uploads\/Quezac-avec-pictos-1.png 500w, https:\/\/www.cyclaigoual-vtt-route.com\/wp-content\/uploads\/Quezac-avec-pictos-1-300x277.png 300w\" sizes=\"auto, (max-width: 500px) 100vw, 500px\" \/><\/figure>\n\n\n\n<figure class=\"wp-block-image\"><img loading=\"lazy\" decoding=\"async\" width=\"1024\" height=\"366\" src=\"https:\/\/www.cyclaigoual-vtt-route.com\/wp-content\/uploads\/Profil-Quezac-106-km-1-1024x366.png\" alt=\"\" class=\"wp-image-2225\" srcset=\"https:\/\/www.cyclaigoual-vtt-route.com\/wp-content\/uploads\/Profil-Quezac-106-km-1-1024x366.png 1024w, https:\/\/www.cyclaigoual-vtt-route.com\/wp-content\/uploads\/Profil-Quezac-106-km-1-300x107.png 300w, https:\/\/www.cyclaigoual-vtt-route.com\/wp-content\/uploads\/Profil-Quezac-106-km-1-768x274.png 768w, https:\/\/www.cyclaigoual-vtt-route.com\/wp-content\/uploads\/Profil-Quezac-106-km-1.png 1472w\" sizes=\"auto, (max-width: 1024px) 100vw, 1024px\" \/><\/figure>\n\n\n\n<h2 class=\"wp-block-heading\">R\u00e9sultats de la Cyclo Fenioux et Qu\u00e9zac 2024<\/h2>\n\n\n\n<p><a href=\"https:\/\/www.cyclaigoual-vtt-route.com\/wp-content\/uploads\/CycloScratch-Classement-generalv2_2024.pdf\" target=\"_blank\" rel=\"noreferrer noopener\">Classement scratch<\/a><\/p>\n\n\n\n<p><a href=\"https:\/\/www.cyclaigoual-vtt-route.com\/wp-content\/uploads\/Cyclo-Classement-par-categoriesV2.pdf\" target=\"_blank\" rel=\"noreferrer noopener\">Classement par cat\u00e9gorie<\/a><\/p>\n\n\n\n<h1 class=\"wp-block-heading\">VTT<\/h1>\n\n\n\n<h2 class=\"wp-block-heading\">36\u00e8me GemBik\u2019Aigoual-R\u00e9gion Occitanie VTT du 30 Juin 2024<\/h2>\n\n\n\n<h2 class=\"wp-block-heading\">R\u00e9sultats de la VTT GemBike Aigoual R\u00e9gion Occitanie 2024<\/h2>\n\n\n\n<h2 class=\"wp-block-heading\">R\u00e9sultats du Challenge GemBike Aigoual R\u00e9gion Occitanie Route + VTT 2024<\/h2>\n\n\n\n<h2 class=\"wp-block-heading\">R\u00e9sultats de Sask Mini Enduro 2024<\/h2>\n\n\n\n<p><a href=\"https:\/\/www.cyclaigoual-vtt-route.com\/wp-content\/uploads\/Classement-scratch-enduro-1.pdf\" target=\"_blank\" rel=\"noreferrer noopener\">Classement scratch<\/a><\/p>\n\n\n\n<p><a href=\"https:\/\/www.cyclaigoual-vtt-route.com\/wp-content\/uploads\/Classement-par-categorie-enduro.pdf\" target=\"_blank\" rel=\"noreferrer noopener\">Classement par cat\u00e9gorie<\/a><\/p>\n","protected":false},"excerpt":{"rendered":"<p>La GemBik\u2019Aigoual R\u00e9gion Occitanie Route Samedi 29 juin 2024 Pour cette 25\u00e8me \u00e9dition au d\u00e9part de L\u2019Esp\u00e9rou nous vous proposons 2 parcours, le&nbsp;Qu\u00e9zac de 106 km&nbsp; et 1500+&nbsp;et le&nbsp;F\u00e9nioux de 133 km et 1850+ Pour la premi\u00e8re fois les coureurs<\/p>\n","protected":false},"author":2,"featured_media":0,"parent":0,"menu_order":0,"comment_status":"closed","ping_status":"closed","template":"","meta":{"footnotes":""},"class_list":["post-2312","page","type-page","status-publish","hentry"],"_links":{"self":[{"href":"https:\/\/www.cyclaigoual-vtt-route.com\/index.php\/wp-json\/wp\/v2\/pages\/2312","targetHints":{"allow":["GET"]}}],"collection":[{"href":"https:\/\/www.cyclaigoual-vtt-route.com\/index.php\/wp-json\/wp\/v2\/pages"}],"about":[{"href":"https:\/\/www.cyclaigoual-vtt-route.com\/index.php\/wp-json\/wp\/v2\/types\/page"}],"author":[{"embeddable":true,"href":"https:\/\/www.cyclaigoual-vtt-route.com\/index.php\/wp-json\/wp\/v2\/users\/2"}],"replies":[{"embeddable":true,"href":"https:\/\/www.cyclaigoual-vtt-route.com\/index.php\/wp-json\/wp\/v2\/comments?post=2312"}],"version-history":[{"count":1,"href":"https:\/\/www.cyclaigoual-vtt-route.com\/index.php\/wp-json\/wp\/v2\/pages\/2312\/revisions"}],"predecessor-version":[{"id":2313,"href":"https:\/\/www.cyclaigoual-vtt-route.com\/index.php\/wp-json\/wp\/v2\/pages\/2312\/revisions\/2313"}],"wp:attachment":[{"href":"https:\/\/www.cyclaigoual-vtt-route.com\/index.php\/wp-json\/wp\/v2\/media?parent=2312"}],"curies":[{"name":"wp","href":"https:\/\/api.w.org\/{rel}","templated":true}]}}