{"id":33,"date":"2016-04-26T21:45:41","date_gmt":"2016-04-26T20:45:41","guid":{"rendered":"https:\/\/cyclaigoual-vtt-route.com\/?page_id=33"},"modified":"2016-05-30T08:57:51","modified_gmt":"2016-05-30T07:57:51","slug":"contact","status":"publish","type":"page","link":"https:\/\/www.cyclaigoual-vtt-route.com\/index.php\/contact\/","title":{"rendered":"Contact"},"content":{"rendered":"<h3>Renseignements g\u00e9n\u00e9raux et h\u00e9bergements<\/h3>\n<p>Merci de contacter l&rsquo;Office de tourisme au 04 67 82 64 67 ou <a href=\"mailto:office-du-tourisme-causse@wanadoo.fr?subject=Renseignements pour la Bouticycle Aigoual\">par mail<\/a><\/p>\n<h3>Renseignements techniques<\/h3>\n<p>Merci de contacter\u00a0<a href=\"mailto:g.lemasson@gmail.com;cyclaigoual-vtt-route.orga@cyclaigoual-vtt-route.com?subject=Renseignements techniques pour%20la%20BoutiCycle%20Aigoual\"><span class=\"gI\">Gildas Le Masson<\/span><\/a><\/p>\n<h3>B\u00e9n\u00e9voles<\/h3>\n<p>Vous avez\u00a0envie de donner un coup de main ?\u00a0Nous recherchons des b\u00e9n\u00e9voles pour aider \u00e0 la pr\u00e9paration de la course.<\/p>\n<p>Merci de contacter\u00a0<a href=\"mailto:g.lemasson@gmail.com;cyclaigoual-vtt-route.orga@cyclaigoual-vtt-route.com?subject=B%C3%A9n%C3%A9voles%20pour%20la%20BoutiCycle%20Aigoual\"><span class=\"gI\">Gildas Le Masson<\/span><\/a><\/p>\n","protected":false},"excerpt":{"rendered":"<p>Renseignements g\u00e9n\u00e9raux et h\u00e9bergements Merci de contacter l&rsquo;Office de tourisme au 04 67 82 64 67 ou par mail Renseignements techniques Merci de contacter\u00a0Gildas Le Masson B\u00e9n\u00e9voles Vous avez\u00a0envie de donner un coup de main ?\u00a0Nous recherchons des b\u00e9n\u00e9voles pour<\/p>\n","protected":false},"author":2,"featured_media":0,"parent":0,"menu_order":0,"comment_status":"closed","ping_status":"closed","template":"","meta":{"footnotes":""},"class_list":["post-33","page","type-page","status-publish","hentry"],"_links":{"self":[{"href":"https:\/\/www.cyclaigoual-vtt-route.com\/index.php\/wp-json\/wp\/v2\/pages\/33","targetHints":{"allow":["GET"]}}],"collection":[{"href":"https:\/\/www.cyclaigoual-vtt-route.com\/index.php\/wp-json\/wp\/v2\/pages"}],"about":[{"href":"https:\/\/www.cyclaigoual-vtt-route.com\/index.php\/wp-json\/wp\/v2\/types\/page"}],"author":[{"embeddable":true,"href":"https:\/\/www.cyclaigoual-vtt-route.com\/index.php\/wp-json\/wp\/v2\/users\/2"}],"replies":[{"embeddable":true,"href":"https:\/\/www.cyclaigoual-vtt-route.com\/index.php\/wp-json\/wp\/v2\/comments?post=33"}],"version-history":[{"count":7,"href":"https:\/\/www.cyclaigoual-vtt-route.com\/index.php\/wp-json\/wp\/v2\/pages\/33\/revisions"}],"predecessor-version":[{"id":133,"href":"https:\/\/www.cyclaigoual-vtt-route.com\/index.php\/wp-json\/wp\/v2\/pages\/33\/revisions\/133"}],"wp:attachment":[{"href":"https:\/\/www.cyclaigoual-vtt-route.com\/index.php\/wp-json\/wp\/v2\/media?parent=33"}],"curies":[{"name":"wp","href":"https:\/\/api.w.org\/{rel}","templated":true}]}}