{"id":390,"date":"2017-07-03T13:40:22","date_gmt":"2017-07-03T12:40:22","guid":{"rendered":"https:\/\/cyclaigoual-vtt-route.com\/?page_id=390"},"modified":"2025-06-27T10:54:18","modified_gmt":"2025-06-27T09:54:18","slug":"programme","status":"publish","type":"page","link":"https:\/\/www.cyclaigoual-vtt-route.com\/index.php\/programme\/","title":{"rendered":"Programme"},"content":{"rendered":"\n<h2 class=\"wp-block-heading\">VENDREDI 27 JUIN<\/h2>\n\n\n\n<ul class=\"wp-block-list\">\n<li>18 h-20h30 Retrait des plaques des courses cyclos \u00e0 la salle d\u2019Esp\u00e9rou Accueil<\/li>\n<\/ul>\n\n\n\n<ul class=\"wp-block-list\"><\/ul>\n\n\n\n<h2 class=\"wp-block-heading\">SAMEDI 28 JUIN (CycloSportives)<\/h2>\n\n\n\n<ul class=\"wp-block-list\">\n<li>7h15-9h30 Retrait des dossards \u00e0 Esp\u00e9rou Accueil pour la <strong>Gem-Bik\u2019Aigoual Route<\/strong> (jusqu\u2019\u00e0 30 mn de votre d\u00e9part)<\/li>\n<\/ul>\n\n\n\n<ul class=\"wp-block-list\">\n<li>8h50 Briefing course <strong><mark style=\"background-color:rgba(0, 0, 0, 0)\" class=\"has-inline-color has-vivid-red-color\">Fenioux Multisports<\/mark><\/strong> (123 km)<\/li>\n<\/ul>\n\n\n\n<ul class=\"wp-block-list\">\n<li><mark style=\"background-color:rgba(0, 0, 0, 0)\" class=\"has-inline-color has-luminous-vivid-orange-color\">A partir de 10h reconnaissance des parcours VTT ouverte jusqu\u2019\u00e0 18h<\/mark><\/li>\n<\/ul>\n\n\n\n<ul class=\"wp-block-list\">\n<li>9h00 D\u00e9part course <mark style=\"background-color:rgba(0, 0, 0, 0)\" class=\"has-inline-color has-vivid-red-color\"><strong>Fenioux <\/strong><\/mark>(123 km)<\/li>\n<\/ul>\n\n\n\n<ul class=\"wp-block-list\">\n<li>9h50 Briefing course <strong><mark style=\"background-color:rgba(0, 0, 0, 0)\" class=\"has-inline-color has-vivid-cyan-blue-color\">Qu\u00e9zac<\/mark><\/strong> (76 km)<\/li>\n<\/ul>\n\n\n\n<ul class=\"wp-block-list\">\n<li>10h00 D\u00e9part cyclo <mark style=\"background-color:rgba(0, 0, 0, 0)\" class=\"has-inline-color has-vivid-cyan-blue-color\"><strong>Qu\u00e9zac <\/strong><\/mark>(76 km)<\/li>\n<\/ul>\n\n\n\n<ul class=\"wp-block-list\">\n<li>12h15 Arriv\u00e9e des premiers coureurs cyclo <strong><mark style=\"background-color:rgba(0, 0, 0, 0)\" class=\"has-inline-color has-vivid-cyan-blue-color\">Qu\u00e9zac<\/mark><\/strong><\/li>\n<\/ul>\n\n\n\n<ul class=\"wp-block-list\">\n<li>15h45 Arriv\u00e9e des derniers coureurs cyclo <strong><mark style=\"background-color:rgba(0, 0, 0, 0)\" class=\"has-inline-color has-vivid-red-color\">Fenioux<\/mark><\/strong><\/li>\n<\/ul>\n\n\n\n<ul class=\"wp-block-list\">\n<li><strong>A partir de 14h30 Remise des prix cyclos<\/strong><\/li>\n<\/ul>\n\n\n\n<ul class=\"wp-block-list\">\n<li>17 h-21h Retrait des dossards \u00e0 Esp\u00e9rou accueil pour la GEM BIK\u2019AIGOUAL<\/li>\n\n\n\n<li>REGION OCCITANIE VTT et la GRAVEL AIGOUAL<\/li>\n<\/ul>\n\n\n\n<h2 class=\"wp-block-heading\">DIMANCHE 29 JUIN (VTT + GRAVEL)<\/h2>\n\n\n\n<ul class=\"wp-block-list\">\n<li>A partir de 7h30 Retrait des dossards \u00e0 Esp\u00e9rou Accueil pour la GEM BIK\u2019AIGOUAL<\/li>\n\n\n\n<li>REGION OCCITANIE VTT et la GRAVEL AIGOUAL (jusqu\u2019\u00e0 30 mn de votre d\u00e9part)<\/li>\n<\/ul>\n\n\n\n<ul class=\"wp-block-list\">\n<li>9h30 \u2013 D\u00e9part de la GRAVEL AIGOUAL<\/li>\n<\/ul>\n\n\n\n<ul class=\"wp-block-list\">\n<li>A partir de 9H30 D\u00e9part des courses XC Hommes (De 15 \u00e0 22 km) Juniors, Espoirs,<\/li>\n\n\n\n<li>S\u00e9niors, M30, M40, M50, M60 et toutes les Dames de Juniors \u00e0 Master.<\/li>\n<\/ul>\n\n\n\n<ul class=\"wp-block-list\">\n<li>A partir de 11h15 D\u00e9part des courses XC jeunes (toutes les cat\u00e9gories, de U17 cadets<\/li>\n\n\n\n<li>\u00e0 pr\u00e9-licenci\u00e9s)<\/li>\n<\/ul>\n\n\n\n<ul class=\"wp-block-list\">\n<li><strong><mark style=\"background-color:rgba(0, 0, 0, 0)\" class=\"has-inline-color has-vivid-red-color\">D\u00e8s 14H00 Remise des prix<\/mark><\/strong><\/li>\n<\/ul>\n","protected":false},"excerpt":{"rendered":"<p>VENDREDI 27 JUIN SAMEDI 28 JUIN (CycloSportives) DIMANCHE 29 JUIN (VTT + GRAVEL)<\/p>\n","protected":false},"author":2,"featured_media":0,"parent":0,"menu_order":0,"comment_status":"closed","ping_status":"closed","template":"","meta":{"footnotes":""},"class_list":["post-390","page","type-page","status-publish","hentry"],"_links":{"self":[{"href":"https:\/\/www.cyclaigoual-vtt-route.com\/index.php\/wp-json\/wp\/v2\/pages\/390","targetHints":{"allow":["GET"]}}],"collection":[{"href":"https:\/\/www.cyclaigoual-vtt-route.com\/index.php\/wp-json\/wp\/v2\/pages"}],"about":[{"href":"https:\/\/www.cyclaigoual-vtt-route.com\/index.php\/wp-json\/wp\/v2\/types\/page"}],"author":[{"embeddable":true,"href":"https:\/\/www.cyclaigoual-vtt-route.com\/index.php\/wp-json\/wp\/v2\/users\/2"}],"replies":[{"embeddable":true,"href":"https:\/\/www.cyclaigoual-vtt-route.com\/index.php\/wp-json\/wp\/v2\/comments?post=390"}],"version-history":[{"count":46,"href":"https:\/\/www.cyclaigoual-vtt-route.com\/index.php\/wp-json\/wp\/v2\/pages\/390\/revisions"}],"predecessor-version":[{"id":2361,"href":"https:\/\/www.cyclaigoual-vtt-route.com\/index.php\/wp-json\/wp\/v2\/pages\/390\/revisions\/2361"}],"wp:attachment":[{"href":"https:\/\/www.cyclaigoual-vtt-route.com\/index.php\/wp-json\/wp\/v2\/media?parent=390"}],"curies":[{"name":"wp","href":"https:\/\/api.w.org\/{rel}","templated":true}]}}